4 + 6, -4*a + 4*w + 20 = h. Calculate the greatest common divisor of 49 and a.
7
Suppose 0 = -7*b + 8*b. Let h(t) = -t**2 + 2*t + 2. Let i be h(b). Let k be (-9)/6 - 87/(-12)*i. What is the greatest common divisor of k and 65?
13
Suppose 3*f = -0 - 12. Let a be (-1)/(f/(-6))*48/(-18). Suppose 134 = 5*r + 5*y - 6*y, -a*r - 2*y = -96. What is the highest common divisor of 65 and r?
13
Suppose 4903*x - 7798 = 4770*x + 17339. Suppose 0 = 5*t - 4*a - 614, 0 = t - 5*t - a + 508. What is the greatest common factor of x and t?
63
Suppose 2*i + h = 6, 5*h = -i - 16 + 1. Suppose 624 = -i*u + 924. Calculate the greatest common divisor of u and 660.
60
Let x be -2 - (0 + 5 - 14). Suppose 5*n = 2*o + x*n - 102, 3*o = n + 173. What is the highest common divisor of 7 and o?
7
Suppose 18 = 3*n - 5*b, -4*n - 7897 + 7921 = 5*b. Let c be (6 - -1 - 1)*41. Calculate the greatest common divisor of n and c.
6
Let w(o) = 6*o**3 - o**2 - 2*o - 1. Let a be w(2). Let f be (-780)/(-3)*(-2 + (-48)/(-20)). What is the greatest common factor of a and f?
13
Let n be (-1)/((-3)/(3 + 12)). Suppose -n*b + 0*b + 20 = 0. Suppose -5*h + 31 = 2*k, b*k - 23 = 2*h + h. Calculate the highest common divisor of k and 32.
8
Let c = 1 + 15. Let z be (-183)/(-2) + 8/c. Suppose -7148*l - 621 = -7175*l. What is the greatest common divisor of z and l?
23
Let q(y) = y**3 + 12*y**2 + 4*y + 46. Let l be q(-9). Calculate the highest common factor of l and 220.
11
Let f = 326 + -187. Let b = 204 - f. Calculate the highest common factor of b and 5.
5
Let g be -9 + (7 + 4 - 7) - 1141/(-1). Calculate the greatest common factor of 8 and g.
8
Let y(w) = -w**2 + 210*w - 555. Let v be y(87). Calculate the highest common divisor of v and 445.
89
Suppose 0 = 2*k - 2*f - 7 - 143, 0 = 4*k + 2*f - 312. Let p be ((-13)/(-1) - 2)/1. Calculate the greatest common divisor of k and p.
11
Suppose j = -r - 3*j + 677, 0 = r - 2*j - 629. What is the highest common factor of r and 1075?
215
Suppose -11*s = -382 - 296 + 216. Calculate the highest common factor of 8022 and s.
42
Let g be 2/28*20*(-2849)/(-8 + -3). Calculate the highest common divisor of 620 and g.
10
Let a = -11329 - -11607. Suppose 3*b - 12 = -6. What is the highest common factor of b and a?
2
Let k be 1 - (-15)/(-10)*2. Let w be (k - -1)*-3*(-800)/(-30). Suppose 5*l + 4*i = w, l + 5 - 21 = i. Calculate the highest common divisor of l and 128.
16
Suppose 597*z + 612*z + 80631 = 1240*z. What is the highest common divisor of z and 9?
9
Let d(b) = 4029*b - 6034. Let x be d(9). What is the highest common factor of x and 167?
167
Suppose 10*p = 39*p - 3306. Let j(n) = -n**3 - 3*n**2 - 15*n. Let z be j(-4). What is the greatest common divisor of p and z?
38
Suppose 5*p = 3*p + 48. Let o be 1 - (-3)/((-45)/2045)*3. Let j be (8/(-3))/(34/o). What is the highest common factor of p and j?
8
Let t = 242 + -240. Suppose -f = -3*m - 592, 571 + 1811 = 4*f + t*m. Calculate the highest common factor of 35 and f.
35
Let j(u) = -126*u - 5. Let o be j(1). Let w = o + 31. Let g = 102 + w. What is the greatest common factor of 22 and g?
2
Let z(k) = k**3 - k**2 + 6*k - 6. Let g be z(1). Let p be 106/318*(g + 33). What is the greatest common factor of p and 11?
11
Let d(f) = -2*f**2 - 28*f + 3. Let x = -53 - -39. Let l be d(x). Let m be (-1)/l - 31/(-3). What is the highest common divisor of 50 and m?
10
Suppose h = -4, -3*h + 7 = -c - 7*h. Suppose -6*m + c*m - 3*s - 858 = 0, -4*m = 2*s - 1144. Calculate the greatest common factor of 44 and m.
22
Let i = 117 - 145. Let y = i + 38. Calculate the highest common divisor of 20 and y.
10
Let y = 348 + -689. Let g = 599 + y. Suppose o - 54 = -11. Calculate the greatest common divisor of o and g.
43
Let c(p) = 13*p**2 - 11*p - 4. Let v be c(-5). Let o(x) = x**3 - 7*x**2 - 13*x + 2. Let l be o(9). What is the highest common factor of v and l?
47
Let k = -8 + 11. Suppose -k*b = -3*g + 6, -6 = -5*g + 4*b + 9. Let m be 4/(-38) + 105/95. What is the greatest common divisor of g and m?
1
Let s(m) = -4*m + 2. Let i be s(2). Let z be (242/(-22))/(2/i). What is the greatest common divisor of 55 and z?
11
Suppose 12*c = 56886 - 1038. Calculate the highest common divisor of 2864 and c.
358
Suppose -12*a + 3*a + 5931 = 0. Suppose -16*x = 195 - a. Calculate the greatest common divisor of 261 and x.
29
Let h be (-314)/10*(254 + -269). Calculate the highest common divisor of 15 and h.
3
Let y = 218 - 214. Let x(c) = -c + 25. Let q be x(y). Calculate the greatest common divisor of 6 and q.
3
Let w = -8831 + 10469. Calculate the greatest common divisor of w and 2142.
126
Let k be 1 + (3/6 - 0)*-2. Suppose 5*t + 105 = 5*p - k*p, p - 11 = 3*t. Calculate the greatest common factor of 91 and p.
13
Suppose 0 = -22*c - 69*c + 293475. What is the greatest common divisor of c and 150?
75
Let d be (-10)/(-4)*(-28 - -612) - -10. Calculate the highest common divisor of 840 and d.
210
Let o = -4444 - -4458. What is the greatest common factor of o and 3829?
7
Let k = 369 - 366. Calculate the greatest common factor of 12 and k.
3
Let h(m) = -122*m + 14. Let d be h(-1). Let w be 4 + -5 + (-10)/(-2)*41. What is the highest common factor of d and w?
68
Let g(r) = -r**3 - 25*r**2 - 153*r + 41. Let t be g(-11). Let j(b) = 22*b**2 - 2*b - 4. Let w be j(4). What is the highest common divisor of t and w?
10
Let z(b) = b**2 + 14*b + 54. Let i be z(-18). Suppose 0 = 9*m - 0*m - i. Calculate the highest common divisor of m and 35.
7
Suppose -268*k + 12*k = -32256. What is the greatest common divisor of k and 364?
14
Let h be (-2 - 6) + 0 + 351. Calculate the greatest common factor of 3920 and h.
49
Suppose 3*f = -3*t + 620 + 553, -2*f + 3*t + 822 = 0. What is the greatest common factor of f and 21679?
133
Suppose 0 = -3*p - 3*b + 135, 0 = -3*p - 0*b - b + 143. Suppose 8*s - p = 383. Calculate the greatest common factor of s and 36.
18
Suppose -5*r + 4*r + 30 = 5*d, -2*r + 60 = -3*d. Let q = 26 + -87. Let j = -46 - q. What is the highest common factor of j and r?
15
Let w = 32 - 14. Let o(d) = 78 + 15*d - 15 + 37 + 256 + 28*d. Let u be o(-8). What is the greatest common factor of w and u?
6
Suppose -77 = -t + 38. Let u = -63 - -62. Let i be 4/12*(-67 + -2)*u. Calculate the highest common divisor of t and i.
23
Let u(i) = -4*i**3 + 3*i**3 + 657*i**2 - 641*i**2 - 6 - 12 - 11*i. Let g be u(15). Let t = g - 30. Calculate the greatest common divisor of 3 and t.
3
Let i = 42 - 39. Suppose -i*r - 2*r = 0. Suppose s = -r*s + 14. What is the highest common divisor of s and 154?
14
Let a be (-12 - 86)/((-2 - 0)/18). Let z = 1260 - a. Calculate the greatest common factor of 27 and z.
27
Let k = -8 + 11. Let f = -136792 + 136816. Calculate the greatest common divisor of k and f.
3
Suppose 5*l + 4*y - 780 = 0, 3*l - 406 = 3*y + 89. Let k = 9 + -7. Suppose 4*w + 92 = 9*w - k*i, 2*i + 12 = w. What is the greatest common factor of l and w?
20
Let l be 80/5 + 6 + 1188. Calculate the highest common factor of 30 and l.
10
Let v be ((-168970)/(-671) - 4/(-22)) + -4. Calculate the highest common divisor of 5 and v.
1
Let j(p) = -172*p - 1189. Let d be j(-37). What is the greatest common divisor of d and 15?
15
Suppose -r + f + 41 = -49, -5*f + 333 = 4*r. What is the greatest common factor of r and 12?
3
Let z(v) = -v**3 + 14*v**2 + 6*v - 30. Suppose 7*r = 8*r + 2. Let a be (r + 8)/(-2) - (-17)/1. Let m be z(a). Calculate the highest common divisor of m and 36.
18
Let m be (-24)/(-20)*90 + -6 + -3. What is the greatest common factor of 5511 and m?
33
Let p = 26317 - 16693. Calculate the highest common divisor of 24 and p.
24
Let k = 215 + -210. Suppose 4*b + u + 374 = 7*b, k*b + 3*u = 642. What is the greatest common divisor of b and 28?
14
Let b = -4850 - -6011. Calculate the greatest common factor of 81 and b.
27
Suppose d + 2 = -t, -d - 3 + 4 = 2*t. Let h(m) = 3 - 3*m - 4*m**3 + 1 + 2*m**3 - t*m**2. Let c be h(-2). Calculate the highest common factor of c and 112.
14
Let i(j) = -8*j + 63. Let g be i(5). Let f be ((-57)/(-7) + -1)*(-16 + g). What is the highest common factor of f and 25?
25
Suppose -147*g + 2368 = -789 + 70. Calculate the highest common factor of g and 12117.
21
Let n(l) = -l**2 - 41*l - 109. Suppose -4*g - 5*d = -g + 134, -5*d - 20 = 0. Let f be n(g). Calculate the great